k = -536*k - 18276168. What are the prime factors of k?
2, 23, 293
Let d = 33 - 29. Suppose -15 = 2*s + o, 1 - 34 = d*s + 3*o. Let r(j) = -j**3 - 3*j**2 + 7*j + 8. List the prime factors of r(s).
2, 37
Suppose 4*r + 0*s + s + 23 = 0, 0 = -r + 5*s - 32. Let v(i) = i**2 + 8*i - 13. Let y be v(r). What are the prime factors of (-10)/((-38)/y - 2)?
2, 5
Suppose -7*f + 22391 = -121403. What are the prime factors of f?
2, 10271
Suppose 6*n - 1233 - 5649 = 0. Let k = -177 + n. What are the prime factors of k?
2, 5, 97
Let x be (-8)/(-5)*1575/42. Let p = x - 77. Let q(h) = -5*h - 17. List the prime factors of q(p).
2, 17
Let i(l) be the third derivative of l**5/60 + l**4/24 + 53*l**3/3 - 8*l**2. Let j = -47 + 47. List the prime factors of i(j).
2, 53
Suppose 13*i = -7*i + 20. Suppose 0 = -k - i, 5*k + 923 = 2*n. Let g = n - 207. List the prime factors of g.
2, 3, 7
Let a = -88 + 62. Let m = a + 26. Suppose m = 9*n + 39 - 534. What are the prime factors of n?
5, 11
Let o = -44 - -76. Let k = o + -29. Suppose b - l - k*l = 3, 3*l - 6 = 0. List the prime factors of b.
11
Suppose -t - 7*j - 93 = -8*j, 4*t - 5*j + 367 = 0. Let k = 416 + t. What are the prime factors of k?
2, 3, 53
List the prime factors of ((-235)/25)/(7/(-6265)).
47, 179
Suppose -7*w = -20 - 22. Suppose -3*s = -0*f + 4*f - 639, -2*f + w = 0. What are the prime factors of s?
11, 19
Let z be (-5 - -49) + (-4)/(-2). Let l be (-3 + (-27)/(-6))*z. Suppose -253 + l = -8*u. List the prime factors of u.
23
Let t be (-15528)/(-9) - (-32)/(-24). Suppose 7*n + 5*m = 3*n + t, 0 = 2*m + 8. List the prime factors of n.
2, 109
Let h = -4994 + 3528. Let q = h - -2837. What are the prime factors of q?
3, 457
List the prime factors of (-5 + (-18)/(-30) - -5) + (-118356)/(-15).
13, 607
Suppose -9*z + 24 = -3. Suppose 100 = z*g - 2024. What are the prime factors of g?
2, 3, 59
Let f(h) = 114*h**2 + 18*h - 139. What are the prime factors of f(9)?
9257
Let p(i) be the second derivative of i**6/360 - i**5/20 - i**4/12 - i**3/3 + 8*i. Let n(d) be the second derivative of p(d). List the prime factors of n(8).
2, 7
Suppose -14*s - 507 = -16*s - w, -2 = -2*w. Let f be 1/1*2 - 2. Suppose f = 4*x - 2*d - 903 + s, 3*d = -4*x + 665. What are the prime factors of x?
2, 41
Let w(m) = -402*m**2 + 4*m - 3. Let r be 132/108 + 1/((-9)/2). Let z be w(r). Let s = z + 563. List the prime factors of s.
2, 3
Let m(p) = 153*p + 2302. What are the prime factors of m(-9)?
5, 37
Let d = 22724 + 14133. What are the prime factors of d?
36857
Let l be 6/4 + 9/((-54)/13083). Let t = -975 - l. List the prime factors of t.
2, 7, 43
Let m be 16 + (-78)/(8 + -2). Suppose -5*d - 5*c - 5 = 0, c + 2 = d - c. Suppose d = m*f - 147 - 111. List the prime factors of f.
2, 43
Suppose -69*t - 82*t + 163*t - 336900 = 0. What are the prime factors of t?
5, 1123
Let i = -75 + 75. Suppose u - 105 = -i*u. Let v = u + 71. List the prime factors of v.
2, 11
Suppose 10*o + o + 18411 = 197194. List the prime factors of o.
16253
Suppose 0*s + 27 = -s. Let v = s - -29. Suppose -v*g + 256 + 94 = 0. What are the prime factors of g?
5, 7
Let d be 27508/39*9/(-6). Let s = d - -1646. What are the prime factors of s?
2, 3, 7
Suppose 60*c = 63*c - 885. Let z = c + -197. What are the prime factors of z?
2, 7
What are the prime factors of 14859 + 10 - ((-1)/(-7) - (-208)/(-182))?
2, 5, 1487
Let h(r) be the second derivative of -7*r - 2*r**3 + 4*r**2 - 5*r**2 - 11*r. What are the prime factors of h(-1)?
2, 5
Let k be 54/(-18) + (-1 - -6). List the prime factors of k - (-274 + 1) - 1.
2, 137
Suppose -2*m = -5*g - 185 - 82, 3*g = -3*m + 369. Suppose -261 + 35 = 2*f + 5*j, -f + 4*j - m = 0. List the prime factors of 5 + -1 + -4 - f.
2, 59
Let n(c) = 13*c**2 + 37*c + 19. Let m(x) = -10*x**2 - 36*x - 18. Let g(p) = 4*m(p) + 3*n(p). List the prime factors of g(-23).
5, 43
Suppose -39690 = 7*c - 41*c - 11*c. What are the prime factors of c?
2, 3, 7
Suppose 5*r - 19 = -9. Suppose 0 = r*l + 6*l - 120. Suppose -4*h = -5*i + h + l, 5*h - 57 = -4*i. List the prime factors of i.
2
Suppose -2*h + 8 = 0, 2*x + h - 46 + 24 = 0. Suppose -3*z + x*z = 690. What are the prime factors of z?
5, 23
Suppose 18*x = 21*x - 204. Let u be 17/x + (-2)/8*1. Suppose 51 = j + h, u*h = 2*j - h - 108. What are the prime factors of j?
53
Let w be 11/((-605)/10) - (-237)/33. Suppose 51 = -4*x + w*x. What are the prime factors of x?
17
Let h(t) = 22*t**3 + 75*t**2 - 530*t - 35. What are the prime factors of h(10)?
3, 5, 179
Let x be (4/(16/10) + -3)*2. Let q be x/(-6) - 6/36. Suppose 7*p - 2*p - 545 = q. List the prime factors of p.
109
Suppose -s + 22882 = 5*k, -5*k - 425 + 23303 = -s. List the prime factors of k.
2, 11, 13
Let q be 4/14 + (-266)/(-98). Suppose q*l + 142 = 2*a, -328 = a - 5*a - 5*l. Suppose 11*w + 22 - a = 0. List the prime factors of w.
5
Suppose -7*w + 3309966 = 15*w + 51*w. What are the prime factors of w?
2, 3, 11, 229
Let g be ((-1)/(-2))/(10/(-2400)). Let w be ((-2)/(-6))/((-4)/g). Suppose 6*j - 116 - w = 0. What are the prime factors of j?
3, 7
Suppose 0*i + i - 1921 = -5*b, i - 1915 = -2*b. Let q be 1/(-2) - i/26. Let o = q + 175. What are the prime factors of o?
101
Suppose -8*w + 4*w = -24. Let u(g) = -3*g**3 + w*g**2 + 2*g**3 + 3*g**2 + 3*g + 7. List the prime factors of u(7).
2, 3, 7
Let m be 6*(-2)/(-4) - (2 + -1). Suppose 3*u + 4 = -m. What are the prime factors of u/(-3) + 494/6?
83
Suppose -2*l - 19886 = -2*k, -55*k + 50*k = 2*l - 49666. What are the prime factors of k?
2, 3, 23
Suppose -97*t = 154*t - 5426620. List the prime factors of t.
2, 5, 23, 47
Suppose 24*h + 10219 - 124909 = 14*h. What are the prime factors of h?
3, 3823
Let s(x) = 45*x - 23. Let h(g) = -179*g + 91. Let f(a) = -2*h(a) - 9*s(a). List the prime factors of f(-9).
2, 7
Let k be (18/(-10))/(2 - (-13)/(-5)). Let h(m) = m - 5. Let d be h(5). Suppose d = -2*p + k*o + 148, -273 + 38 = -3*p - 2*o. What are the prime factors of p?
7, 11
Let j be 163614/16 + (-59)/(-472). Suppose -21*y + 2647 + j = 0. What are the prime factors of y?
613
Let a be ((-6)/20*8)/((-6)/20). Suppose 4*q + 5*n - 25 = 0, -a*q + n - 5 = -3*q. Suppose -k + 796 = 4*x, -2*k - 8 = -q. What are the prime factors of x?
2, 5
Let j be ((-3)/4 + 1)*-2*-6. Suppose -2*d = -j*d + 279. Let f = d + -198. List the prime factors of f.
3
Suppose -1050 = -r + 5*q, 4*r = 2*q + 3*q + 4245. List the prime factors of (-1 - -9)*(14 + r/12).
2, 3, 137
Suppose 3*d = 4*w - 262, -2*d = 1 + 3. Let s = -48 + w. Let l(y) = 14*y - 41. List the prime factors of l(s).
3, 61
Suppose -50*r + 5*r = -260460. List the prime factors of r.
2, 1447
Let v = 14630 - 7216. List the prime factors of v.
2, 11, 337
Let m = -1978 - -8979. List the prime factors of m.
7001
Let i be 0*(-1)/2 + 1277. Suppose 4*n - 67 - i = 0. List the prime factors of n.
2, 3, 7
Let h(z) = -z**3 - 6*z**2 - 12. Let d be -4 - (6 + 2 + -5). What are the prime factors of h(d)?
37
Suppose 0*d + 3*d + 19 = 5*k, -5*k = -5*d - 15. Let g(o) = 72*o**3 + o**2 - 2*o - 2. List the prime factors of g(d).
2, 7, 41
Suppose -4*j + 2*g = -199786, 5*g - 199737 = 642*j - 646*j. What are the prime factors of j?
49943
Suppose 45849 = 3*r + 3*i, 3*r = 5*i - 19675 + 65484. What are the prime factors of r?
2, 7639
Suppose -2*x + 91 + 183 = 0. Let v = x + -23. What are the prime factors of v?
2, 3, 19
Let n(f) = -39*f**3 + f**2 - 51*f - 343. List the prime factors of n(-7).
2, 3, 5, 7
Let t(y) = -y**3 - 9*y**2 - 25*y - 226. Let x be t(-9). Let c be (-11)/(0 - 1 - 0). List the prime factors of (c/(-5) - x)*(-48 + -2).
2, 3, 5
Suppose 0 = 2*x + 4, -x = 3*q - 4*x - 12. Suppose b + q*b = 4*b. Suppose -5*v + 681 + 284 = b. List the prime factors of v.
193
Suppose 3*c = -2*h + 16, -10*h = c - 5*h - 1. What are the prime factors of 83 + c - 0 - 3?
2, 43
Let v = 56924 - 34144. List the prime factors of v.
2, 5, 17, 67
Suppose 2*k - 3 - 7 = 0. Suppose -m + 4*m + 2*p + 11 = 0, k*p = -4*m - 24. What are the prime factors of 3773/42 + m/(-6)?
2, 3, 5
Suppose 4*l - 6*l = -4*a - 736, 0 = -4*a + 5*l - 748. What are the prime factors of (0 - 29)/(14/a)?
13, 29
Let d(q) = -4*q**3 - 9*q**2 + 54*q + 22. What are the prime factors of d(-14)?
2, 3, 157
Let h(v) = 0*v + 11*v + 3 + 5*v - 1 - 10*v. Let z(u) = u**2 + u + 5. Let k be z(0). List the